late the remainder when 3873 is divided by 224.
65
What is the remainder when 257239 is divided by 57?
55
What is the remainder when 131064 is divided by 62?
58
What is the remainder when 1721 is divided by 169?
31
What is the remainder when 32664 is divided by 4618?
338
Calculate the remainder when 22131 is divided by 194.
15
Calculate the remainder when 870177 is divided by 287.
280
Calculate the remainder when 28828 is divided by 275.
228
Calculate the remainder when 174915 is divided by 171.
153
What is the remainder when 2478 is divided by 1317?
1161
What is the remainder when 809 is divided by 157?
24
Calculate the remainder when 31085 is divided by 818.
1
What is the remainder when 3252 is divided by 163?
155
What is the remainder when 279050 is divided by 69759?
14
What is the remainder when 6815 is divided by 416?
159
Calculate the remainder when 55863 is divided by 343.
297
What is the remainder when 3228 is divided by 803?
16
What is the remainder when 282837 is divided by 22?
5
Calculate the remainder when 845 is divided by 569.
276
What is the remainder when 461381 is divided by 9?
5
Calculate the remainder when 5201 is divided by 1297.
13
What is the remainder when 4625 is divided by 660?
5
What is the remainder when 2284 is divided by 824?
636
Calculate the remainder when 200872 is divided by 7174.
0
What is the remainder when 233 is divided by 15?
8
What is the remainder when 39414 is divided by 25?
14
Calculate the remainder when 1786047 is divided by 98.
95
What is the remainder when 4465 is divided by 1487?
4
What is the remainder when 11934 is divided by 3975?
9
Calculate the remainder when 16533 is divided by 64.
21
Calculate the remainder when 3846 is divided by 215.
191
Calculate the remainder when 169047 is divided by 345.
342
Calculate the remainder when 4766 is divided by 492.
338
Calculate the remainder when 5583 is divided by 40.
23
What is the remainder when 870907 is divided by 1021?
1015
Calculate the remainder when 616 is divided by 601.
15
Calculate the remainder when 7360 is divided by 8.
0
Calculate the remainder when 286827 is divided by 91.
86
Calculate the remainder when 183903 is divided by 176.
159
Calculate the remainder when 67304 is divided by 53.
47
What is the remainder when 104374 is divided by 52144?
86
Calculate the remainder when 8645 is divided by 2432.
1349
What is the remainder when 3573 is divided by 15?
3
Calculate the remainder when 7446 is divided by 169.
10
Calculate the remainder when 9029 is divided by 1469.
215
What is the remainder when 724573 is divided by 17?
16
What is the remainder when 23281 is divided by 896?
881
What is the remainder when 2363 is divided by 633?
464
What is the remainder when 16073 is divided by 2296?
1
Calculate the remainder when 1332 is divided by 650.
32
What is the remainder when 685 is divided by 36?
1
What is the remainder when 39370 is divided by 9?
4
What is the remainder when 550189 is divided by 388?
5
What is the remainder when 3546 is divided by 930?
756
What is the remainder when 264752 is divided by 537?
11
Calculate the remainder when 25436 is divided by 519.
5
Calculate the remainder when 8159 is divided by 229.
144
What is the remainder when 31818 is divided by 15724?
370
Calculate the remainder when 1403 is divided by 108.
107
Calculate the remainder when 19246 is divided by 175.
171
What is the remainder when 76293 is divided by 289?
286
Calculate the remainder when 1644 is divided by 546.
6
Calculate the remainder when 6536 is divided by 68.
8
Calculate the remainder when 10048 is divided by 315.
283
What is the remainder when 7603 is divided by 634?
629
What is the remainder when 148647 is divided by 311?
300
What is the remainder when 5810 is divided by 963?
32
What is the remainder when 1873 is divided by 63?
46
What is the remainder when 90406 is divided by 30128?
22
Calculate the remainder when 4305 is divided by 139.
135
Calculate the remainder when 354732 is divided by 45.
42
What is the remainder when 7682 is divided by 1920?
2
What is the remainder when 1770000 is divided by 2360?
0
What is the remainder when 25 is divided by 17?
8
Calculate the remainder when 34041 is divided by 619.
615
What is the remainder when 13149 is divided by 687?
96
Calculate the remainder when 27252 is divided by 40.
12
Calculate the remainder when 1097 is divided by 511.
75
What is the remainder when 11194 is divided by 399?
22
Calculate the remainder when 12148 is divided by 39.
19
Calculate the remainder when 6193521 is divided by 13.
9
Calculate the remainder when 6209 is divided by 1024.
65
Calculate the remainder when 49151 is divided by 2730.
11
What is the remainder when 34450 is divided by 363?
328
Calculate the remainder when 12069 is divided by 1936.
453
Calculate the remainder when 330824 is divided by 29.
21
Calculate the remainder when 5297 is divided by 1414.
1055
What is the remainder when 59564 is divided by 627?
626
What is the remainder when 774 is divided by 129?
0
What is the remainder when 1848 is divided by 83?
22
Calculate the remainder when 117777 is divided by 10.
7
Calculate the remainder when 17825 is divided by 3.
2
What is the remainder when 496 is divided by 152?
40
Calculate the remainder when 243306 is divided by 592.
586
What is the remainder when 1414 is divided by 1283?
131
Calculate the remainder when 14496 is divided by 330.
306
What is the remainder when 71549 is divided by 17883?
17
What is the remainder when 20688 is divided by 505?
488
What is the remainder when 692223 is divided by 676?
675
Calculate the remainder when 171177 is divided by 108.
105
Calculate the remainder when 88213 is divided by 363.
4
What is the remainder when 3907 is divided by 1549?
809
What is the remainder when 1775 is divided by 299?
280
Calculate the remainder when 4151 is divided by 520.
511
What is the remainder when 153340 is divided by 153324?
16
Calculate the remainder when 405 is divided by 75.
30
What is the remainder when 1232794 is divided by 400?
394
What is the remainder when 354 is divided by 23?
9
What is the remainder when 478928 is divided by 312?
8
Calculate the remainder when 500476 is divided by 45497.
9
Calculate the remainder when 600 is divided by 41.
26
What is the remainder when 488397 is divided by 444?
441
Calculate the remainder when 58305 is divided by 58297.
8
Calculate the remainder when 4563 is divided by 415.
413
What is the remainder when 16790 is divided by 5469?
383
What is the remainder when 368981 is divided by 14?
11
What is the remainder when 54275 is divided by 387?
95
Calculate the remainder when 31885 is divided by 214.
213
Calculate the remainder when 71189 is divided by 311.
281
Calculate the remainder when 8016 is divided by 110.
96
Calculate the remainder when 21526 is divided by 11.
10
What is the remainder when 31023 is divided by 16?
15
Calculate the remainder when 12867 is divided by 201.
3
What is the remainder when 10958 is divided by 304?
14
What is the remainder when 12456 is divided by 311?
16
What is the remainder when 27752 is divided by 869?
813
Calculate the remainder when 256959 is divided by 36699.
66
What is the remainder when 442053 is divided by 2947?
3
Calculate the remainder when 535 is divided by 498.
37
What is the remainder when 28009 is divided by 14?
9
Calculate the remainder when 26931 is divided by 2690.
31
What is the remainder when 125530 is divided by 33?
31
What is the remainder when 39342 is divided by 16?
14
What is the remainder when 349911 is divided by 174947?
17
What is the remainder when 88626 is divided by 358?
200
What is the remainder when 4787 is divided by 772?
155
Calculate the remainder when 774093 is divided by 110584.
5
Calculate the remainder when 88586 is divided by 239.
156
Calculate the remainder when 1407 is divided by 283.
275
Calculate the remainder when 85771 is divided by 5718.
1
Calculate the remainder when 44316 is divided by 8861.
11
What is the remainder when 1607754 is divided by 48?
42
Calculate the remainder when 55689 is divided by 153.
150
What is the remainder when 38578 is divided by 2143?
4
What is the remainder when 111687 is divided by 1746?
1689
What is the remainder when 41153 is divided by 30?
23
What is the remain